(o) + 12*l(o). Let q(c) = -3*c - 5. Let j be q(-3). Give p(j).
6
Let m(o) = -53*o + 8 + 14 + 1 + 22*o + 28*o. What is m(7)?
2
Let q(l) = 23*l**2 + 18*l - 20. Let u(t) = -37*t**2 - 27*t + 30. Let j(h) = -8*q(h) - 5*u(h). Let o(g) = -g**2 - 5*g + 3. Let b be o(-4). Give j(b).
-4
Let y(n) = -n**3 - n**2 + 3*n + 1. Let c(p) = -p**2 + 15*p + 32. Let k be c(17). What is y(k)?
-1
Suppose -9*x + 108 = 3*x. Let r be x/(-18)*(0 + 14). Let q(p) = -p**2 - 9*p - 10. Determine q(r).
4
Let a(x) = -3*x**2 + 3*x**3 - 1233*x - x**3 - 1 + 1231*x. Calculate a(3).
20
Suppose 6 = -3*j - 9. Let o(y) = 8 + 161*y - 319*y + 159*y - 1. Give o(j).
2
Let q(d) = -127*d - 1 + 129*d - 3*d**2 + 5*d**2 - d**3. Let c(n) = n + 3. Let u be c(0). Let o be 0 - u/((-3)/2). Give q(o).
3
Let d = 12 - 8. Let t be (4 - d) + (0 - 1). Let a(r) = 14*r**3 - 2*r**2 + r. Let u(h) = 15*h**3 - 3*h**2 + h. Let v(c) = -4*a(c) + 3*u(c). Give v(t).
11
Let t(f) = 4*f + 3. Let x be (1 + (-3)/(-9)*-3)/(-2). Suppose 0 = 3*z - x - 9. What is t(z)?
15
Let b(v) = -1 - v + 0*v - 3 + 0. Let h be ((55/10)/(-11))/((-1)/4). Suppose h = 5*x + 17. What is b(x)?
-1
Let n(f) = 2*f**2 + 3*f. Let o be n(-2). Let u(q) = -17 + o*q + 0*q + 14. Calculate u(3).
3
Let l(g) = g**3 - 9*g**2 - g. Let p be (26 + -23)*(1 + 2). Give l(p).
-9
Let a(n) = 21*n + 267. Let q be a(-13). Let i(z) = z**2 + 5. Calculate i(q).
41
Let h(k) = -k**2 + 7*k + 11. Let z be (-3)/3 - (1 + 0). Let w be (1/(-2))/(1/z). Suppose -w = -r + 7. What is h(r)?
3
Let q = 7 + -12. Let j(f) be the third derivative of 0 + 1/3*f**3 + 0*f - 9*f**2 - 1/24*f**4. Determine j(q).
7
Let q be (-14)/49*(-77)/88. Let h(b) be the first derivative of -5 + 1/2*b**2 + 0*b - q*b**4 - 1/3*b**3. Determine h(0).
0
Let u = 21 - 15. Let c be (u - 4/4)/(-1). Let q be (3 + -4)*-1 - c. Let b(p) = p**3 - 5*p**2 - 7*p - 5. What is b(q)?
-11
Let j be (-2)/(-2*1 - -1). Let x(l) = -l**3 + 3*l. Let s(v) = -3*v**3 + 3*v**2 + 8*v + 2. Let t(f) = -s(f) + 4*x(f). Calculate t(j).
-14
Let h(t) = t - 7. Suppose 3*r + 0 = 6. Suppose -n - 54 = r*n. Let g be 190/45 + 4/n. Give h(g).
-3
Let q = -74 + 75. Let a(r) = 17*r - 5. Let i(u) = 50*u - 14. Let j(g) = 17*a(g) - 6*i(g). What is j(q)?
-12
Let a(g) = -29*g - 7. Let t(w) = 82*w + 18. Let j(y) = -17*a(y) - 6*t(y). Calculate j(-11).
0
Let f(p) = p**2 + 8*p + 6. Let b be f(-7). Let a(x) = x**2 - x - 1. Let c(j) = 5*j**2 - 6*j - 8. Let s(z) = b*c(z) + 4*a(z). Calculate s(3).
1
Let t(b) be the third derivative of -1/3*b**4 - 1/60*b**5 - 2/3*b**3 + 0*b - 46*b**2 + 0. Calculate t(-7).
3
Suppose -5*t + 5 = 4*z - 13, 2*t - 8 = -2*z. Suppose -25 + 7 = -3*x + k, 3*x + 3*k = 18. Let y(c) = 4 - 2*c**2 + c**t + x*c - 8. Determine y(5).
1
Suppose 4*t - 35 - 21 = 0. Suppose -4*j = -5*k + t, -28 = -4*k + 2*j - 3*j. Let f(l) = -3*l + 9. Give f(k).
-9
Let k = -1599 - -1596. Let h(p) = -20*p + 3. What is h(k)?
63
Suppose 110 = 5*w - 0*w. Suppose -12 = 4*v - 4*z, -w + 2 = -4*z. Let p(q) = -q**2 - 4*q**v + 2 - 4 + q**3 - 2*q + 6*q**2. Calculate p(-2).
-2
Let v(c) = c**2 + 2*c - 1. Let r = 189 - 188. Determine v(r).
2
Let k(s) be the second derivative of -s**4/12 + 5*s**3/6 - 5*s**2/2 + s - 6. Let f(j) = -2*j. Let o be f(-3). What is k(o)?
-11
Let v(n) = -3*n**2 + n - 1. Let x(o) = -7*o + 1. Let l be x(-1). Suppose -l*m = -5*m - 3. Calculate v(m).
-3
Let v(i) = -i**3 - 6*i**3 - 11*i**2 + 10*i**3 - 2*i**3 + 9*i - 14 - 2*i**3. Determine v(-12).
22
Let a(s) be the third derivative of -s**4/24 - 2*s**3/3 + 228*s**2. Let t be 1*(-1 - -2)/1. Let b be 1/(t + (-14)/12). What is a(b)?
2
Let v(f) = 3*f**2 - 38*f - 9. Suppose -3*q + 10*t = 15*t - 39, -2*q + 26 = t. Determine v(q).
4
Let f(h) = -6*h**2 + h**2 + 4*h**2 - 11 - 13*h + 0*h**2. What is f(-11)?
11
Let c(m) = -2*m + 20. Let x(g) = 5*g - 21. Let w(l) = -3*c(l) - 2*x(l). Give w(-13).
34
Suppose -13*p = -9*p + 4. Let j(h) = 4*h**2 - 2*h - 13. Let n(o) = -o**2 - o + 1. Let m(y) = p*j(y) - 3*n(y). Calculate m(7).
-4
Let h(o) be the second derivative of -2/3*o**3 + 0 - 2*o - o**2. Suppose g + 112 = -5*q + 98, -4 = -4*g. Calculate h(q).
10
Let x be ((-18)/21)/((-5)/(-35)). Let h(j) = j**2 + 11*j + 21. Calculate h(x).
-9
Let s(m) = m**2 - 201*m + 1551. Let j be s(8). Let z(t) be the third derivative of t**6/120 - 2*t**5/15 + t**4/4 + t**3/3 + t**2. Calculate z(j).
-5
Let j(v) be the third derivative of -v**5/30 - 11*v**4/24 + 7*v**3/3 - 17*v**2. Let a(d) = -d**2 - 6*d + 7. Let u(q) = 5*a(q) - 3*j(q). Give u(-5).
3
Let l(r) = -3 + 4*r - r**2 + 0*r**2 + 0. Suppose -3*n + 1 = 4. Let g be n*2*(1 - 3). Determine l(g).
-3
Let p(m) be the first derivative of -m**3/3 - 3*m - 59. What is p(-4)?
-19
Let d(r) be the first derivative of r**3/3 + r**2/2 - 3*r - 70. Give d(0).
-3
Suppose -823*d - 54 = -817*d. Let y(n) = -n**2 - 8*n + 11. Determine y(d).
2
Let s(r) = -8*r - 1. Let j = -1949 - -1948. Determine s(j).
7
Let i be (-13)/(-104) + 114/(-16). Let h(m) = -5*m**2 - 30*m + 26. Let z(v) = -v**2 - 6*v + 5. Let a(w) = -2*h(w) + 11*z(w). Give a(i).
-4
Let g(t) be the third derivative of t**5/120 + t**4/12 - 2*t**3 + 13*t**2. Let i(f) be the first derivative of g(f). Give i(-8).
-6
Let h(b) = -5*b + 2 + 6*b + 0 + 2. Suppose 3*g - 4 + 22 = 0. Calculate h(g).
-2
Let d(u) = -u**3 + 8*u**2 + 14*u - 30. Let a be d(9). Let o(z) = -z + 22. Determine o(a).
7
Let g(q) = -5 + 2 - 4*q**2 + 6 - q**3 + 2*q + 2. Let w = -2 + 3. Let n = -5 + w. Calculate g(n).
-3
Let n(b) = 6*b + 2. Let l be n(-1). Let v be 6 - (-20 - -4)/l. Let h(q) = 1 + 2 - 3*q - 3 + 3. Determine h(v).
-3
Let c(m) = 15*m + 1. Let r(w) = 19*w + 2. Let y(j) = -5*c(j) + 4*r(j). Let i(n) = n**2 + 6*n. Let h be i(-5). What is y(h)?
-2
Let y = -109 + 102. Let h(t) = -8*t**2 - 10*t + 13. Let c(d) = -4*d**2 - 6*d + 7. Let n(q) = y*c(q) + 4*h(q). Determine n(3).
-27
Suppose 0 = 58*y - 47*y - 88. Let s(d) = -d**3 + 8*d**2 - d + 6. What is s(y)?
-2
Let x(c) be the first derivative of -c**6/60 + 2*c**3/3 - 5. Let v(i) be the third derivative of x(i). Determine v(1).
-6
Let o = 0 - 0. Let h(b) = -4 + 2*b + 23*b**2 + 3 - 3*b - 24*b**2 + 2. Calculate h(o).
1
Let t be (14/7)/(7 - 105/14). Let k(n) = -2*n + 2. Let o be (-43)/(-5) - 6/10. Let v(g) = -5*g + 6. Let m(z) = o*k(z) - 3*v(z). Calculate m(t).
2
Let o(j) be the third derivative of j**4/12 - j**3/6 + 8*j**2. Suppose 16*f = 15 + 49. Give o(f).
7
Let d(n) = -27*n - 21*n + 67*n - 22*n. What is d(-1)?
3
Let d(l) = l**2 - 9*l + 14. Suppose -40*n + 38*n + 2*f = -14, 5*n - 44 = -4*f. What is d(n)?
6
Suppose -2*i + 20 = 2*i. Let s(o) = 11*o - 3. Let n(m) = -26*m + 7. Let l(j) = -3*n(j) - 7*s(j). Give l(i).
5
Let v(c) = -7*c**3 - 7*c**2 - 11*c - 11. Let w = -4 - 1. Let r(k) = -3*k**3 - 4*k**2 - 6*k - 5. Let h(o) = w*r(o) + 2*v(o). Give h(-5).
-12
Let h = 930 + -938. Let l(p) = -3*p - 35. What is l(h)?
-11
Let y(z) = 18 - 15*z + 4*z**2 - 5*z - 3*z**2 + 9*z. Let s be y(9). Let b(q) = -q + 6. Give b(s).
6
Let o(w) = -2*w**2 - 2*w + 3. Let j = 32 - 29. Determine o(j).
-21
Suppose -3*i = t + 6, 5*t + 2*i + 21 = 10*t. Let s(f) = 4 - 5*f + 2 - 2. Determine s(t).
-11
Let j = -1971 + 1974. Let t(p) = -4*p + 7*p**3 - 3*p**2 - 6*p**3 + 0*p. Calculate t(j).
-12
Let i(s) = s**2 - 2*s - 3. Let c(a) = a**3 - 7*a - 8. Let j(m) = c(m) - 5*i(m). Determine j(4).
3
Let u(i) be the second derivative of i**4/12 - 4*i**3/3 + 4*i**2 + 163*i. Suppose -3*f - 13 = -37. Calculate u(f).
8
Let z(d) = d**3 + 11*d**2 - 14*d + 10. Let b = 672 + -684. What is z(b)?
34
Let v(o) = -7*o**2 + 5*o - 3. Let k(i) = -3*i**2 + 2*i - 1. Let d(y) = -9*k(y) + 4*v(y). Let q be d(0). Let x(h) = h**2 + h + 2. Calculate x(q).
8
Suppose 13*y - 4 = 11*y, -3*x + 2*y = 4. Let k(g) = 2 + x - 7*g**2 + g**2 + g**3 - 8*g - 3. Let t = 10 - 3. What is k(t)?
-8
Let l(s) be the first derivative of s**4/4 - 7*s**3/3 - 2*s**2 + 10*s + 89. What is l(7)?
-18
Let c(m) = 1. Let y(d) = -3*d + 3. Let o(f) = 3*c(f) - y(f). Let n(p) = -p. Let b(q) = 2*n(q) + o(q). Give b(4).
4
Let j(t) = t**3 - t**2 + 9. Suppose -26 = -3*w + 2*l, -2*w - l = -6*l - 21. Let v be 4/6 + w/(-12). Give j(v).
9
Let n be (-692)/(-20) - 2/(-5). Let r = -32 + n. Let h(a) = 15*a**2 - 10*a**2 + r*a**2 - a**3. Calculate h(8).
0
Let z be -6*(-9 - (-153)/18). Let d(n) be the third derivative of 6*n**2 + 0*n - 5/24*n**4 + 0*n**z - 1/60*n**5 + 0. Give d(